{"id":6244,"date":"2025-09-18T07:44:21","date_gmt":"2025-09-18T07:44:21","guid":{"rendered":"https:\/\/procuradorasarria.com\/?page_id=6244"},"modified":"2025-09-18T07:44:21","modified_gmt":"2025-09-18T07:44:21","slug":"politica-de-privacidade-2","status":"publish","type":"page","link":"https:\/\/procuradorasarria.com\/gl\/politica-de-privacidade-2\/","title":{"rendered":"Pol\u00edtica de Privacidade"},"content":{"rendered":"\n<p><\/p>\n\n<p><\/p>\n\n<h4 class=\"wp-block-heading\">Introduci\u00f3n<\/h4>\n\n<p>Na oficina de Ana Mar\u00eda L\u00f3pez Vila, comprom\u00e9monos a protexer a s\u00faa privacidade e garantir a seguridade dos seus datos persoais. Esta pol\u00edtica de privacidade describe como recompilamos, usamos e protexemos a s\u00faa informaci\u00f3n persoal de acordo coa normativa europea de protecci\u00f3n de datos, en particular o Regulamento Xeral de Protecci\u00f3n de Datos (GDPR).<\/p>\n\n<h4 class=\"wp-block-heading\">Controlador de datos<\/h4>\n\n<p><strong>Responsable do Tratamento:<\/strong> Ana Mar\u00eda L\u00f3pez Vila Enderezo: R\u00faa da Liberdade, 100 1\u00ba Izq., 27600 Sarria, Lugo Tel\u00e9fonos: 982 530 420 \/ 696 928 969 Correo electr\u00f3nico: <a>procuradora@anamarialopezvila.com<\/a><\/p>\n\n<h4 class=\"wp-block-heading\">Datos persoais que recompilamos<\/h4>\n\n<p>Recopilamos e procesamos diferentes tipos de datos persoais dependendo da s\u00faa interacci\u00f3n connosco:<\/p>\n\n<ol class=\"wp-block-list\">\n<li><strong>Datos de contacto<\/strong> : nome completo, enderezo de correo electr\u00f3nico, n\u00famero de tel\u00e9fono, enderezo postal.<\/li>\n\n\n\n<li><strong>Datos identificativos<\/strong> : DNI\/NIF ou calquera outro documento identificativo necesario.<\/li>\n\n\n\n<li><strong>Datos profesionais<\/strong> : informaci\u00f3n relacionada coa s\u00faa profesi\u00f3n, empresa ou entidade na que traballa.<\/li>\n\n\n\n<li><strong>Datos de transacci\u00f3n<\/strong> : informaci\u00f3n sobre os servizos contratados e o seu historial de transacci\u00f3ns.<\/li>\n\n\n\n<li><strong>Datos de navegaci\u00f3n<\/strong> : informaci\u00f3n recollida a trav\u00e9s de cookies e tecnolox\u00edas similares cando navega polo noso sitio web.<\/li>\n<\/ol>\n\n<h4 class=\"wp-block-heading\">Finalidades do tratamento<\/h4>\n\n<p>Tratamos os seus datos persoais para os seguintes fins:<\/p>\n\n<ol class=\"wp-block-list\">\n<li><strong>Prestaci\u00f3n de Servizos<\/strong> : Xestionar a relaci\u00f3n contractual e prestar os servizos de avogado solicitado.<\/li>\n\n\n\n<li><strong>Comunicaci\u00f3n<\/strong> : para mantelo informado sobre asuntos relacionados coa s\u00faa relaci\u00f3n connosco, inclu\u00edndo responder \u00e1s s\u00faas consultas e xestionar as s\u00faas solicitudes.<\/li>\n\n\n\n<li><strong>Cumprimento legal<\/strong> : para cumprir coas nosas obrigas legais e regulamentarias.<\/li>\n\n\n\n<li><strong>Marketing e comunicaci\u00f3ns<\/strong> : Co teu consentimento, para enviarche informaci\u00f3n sobre os nosos servizos, promoci\u00f3ns e eventos.<\/li>\n<\/ol>\n\n<h4 class=\"wp-block-heading\">Base legal do tratamento<\/h4>\n\n<p>O tratamento dos seus datos persoais bas\u00e9ase nas seguintes bases legais:<\/p>\n\n<ol class=\"wp-block-list\">\n<li><strong>Execuci\u00f3n dun Contrato<\/strong> : Cando o tratamento sexa necesario para a execuci\u00f3n dun contrato do que sexa parte ou para a aplicaci\u00f3n de medidas precontractuais.<\/li>\n\n\n\n<li><strong>Cumprimento dunha obriga legal<\/strong> : Cando o tratamento sexa necesario para cumprir cunha obriga legal \u00e1 que estamos suxeitos.<\/li>\n\n\n\n<li><strong>Interese Lex\u00edtimo<\/strong> : Cando o tratamento sexa necesario para os intereses lex\u00edtimos perseguidos por n\u00f3s ou por un terceiro, sempre que os seus dereitos e liberdades fundamentais non prevalezan sobre ditos intereses.<\/li>\n\n\n\n<li><strong>Consentimento<\/strong> : Cando deu o seu consentimento para o tratamento dos seus datos persoais para un ou varios fins espec\u00edficos.<\/li>\n<\/ol>\n\n<h4 class=\"wp-block-heading\">Compartici\u00f3n de datos<\/h4>\n\n<p>Os teus datos persoais p\u00f3dense compartir con:<\/p>\n\n<ol class=\"wp-block-list\">\n<li><strong>Provedores de servizos<\/strong> : Terceiros que nos prestan servizos auxiliares necesarios para a execuci\u00f3n das nosas actividades (por exemplo, servizos inform\u00e1ticos, asesoramento xur\u00eddico).<\/li>\n\n\n\n<li><strong>Autoridades e Organizaci\u00f3ns P\u00fablicas<\/strong> : Cando sexa necesario para cumprir coas nosas obrigas legais.<\/li>\n\n\n\n<li><strong>Terceiros relacionados co servizo<\/strong> : no contexto dos servizos prestados, podemos compartir datos con tribunais, avogados e outros profesionais xur\u00eddicos.<\/li>\n<\/ol>\n\n<h4 class=\"wp-block-heading\">Transferencias internacionais de datos<\/h4>\n\n<p>En principio, non transferimos os teus datos persoais a pa\u00edses f\u00f3ra do Espazo Econ\u00f3mico Europeo (EEE). Cando sexa necesario, garantiremos que os seus datos persoais te\u00f1an un nivel de protecci\u00f3n adecuado mediante o uso de cl\u00e1usulas contractuais tipo aprobadas pola Comisi\u00f3n Europea ou calquera outro mecanismo legalmente reco\u00f1ecido.<\/p>\n\n<h4 class=\"wp-block-heading\">Retenci\u00f3n de datos<\/h4>\n\n<p>Os seus datos persoais conservaranse durante o tempo necesario para cumprir cos fins para os que foron recollidos, as\u00ed como para cumprir coas nosas obrigas legais, atender posibles responsabilidades derivadas do tratamento e mentres non solicite a s\u00faa supresi\u00f3n.<\/p>\n\n<h4 class=\"wp-block-heading\">Dereitos do Interesado<\/h4>\n\n<p>Tes dereito a:<\/p>\n\n<ol class=\"wp-block-list\">\n<li><strong>Acceso<\/strong> : Solicita acceso aos teus datos persoais.<\/li>\n\n\n\n<li><strong>Rectificaci\u00f3n<\/strong> : Solicitar a correcci\u00f3n de datos inexactos ou incompletos.<\/li>\n\n\n\n<li><strong>Eliminaci\u00f3n<\/strong> : Solicitar a eliminaci\u00f3n dos seus datos persoais cando xa non sexan necesarios para os fins para os que foron recollidos.<\/li>\n\n\n\n<li><strong>Limitaci\u00f3n do tratamento<\/strong> : Solicitar a limitaci\u00f3n do tratamento dos seus datos persoais.<\/li>\n\n\n\n<li><strong>Portabilidade<\/strong> : Solicita a portabilidade dos teus datos persoais a outro responsable do tratamento.<\/li>\n\n\n\n<li><strong>Oposici\u00f3n<\/strong> : opo\u00f1erse ao tratamento dos seus datos persoais en determinadas circunstancias.<\/li>\n\n\n\n<li><strong>Retirada do consentimento<\/strong> : Retirar o consentimento en calquera momento, sen que afecte \u00e1 legalidade do tratamento baseado no consentimento previo \u00e1 s\u00faa retirada.<\/li>\n<\/ol>\n\n<p>Para exercer estes dereitos, pode po\u00f1erse en contacto connosco utilizando os datos de contacto indicados anteriormente.<\/p>\n\n<h4 class=\"wp-block-heading\">Seguridade de datos<\/h4>\n\n<p>Implementamos medidas t\u00e9cnicas e organizativas adecuadas para protexer os seus datos persoais contra o acceso non autorizado, a divulgaci\u00f3n, a perda ou destruci\u00f3n accidental ou ilegal e calquera outra forma de procesamento ilegal.<\/p>\n\n<h4 class=\"wp-block-heading\">Cambios na Pol\u00edtica de Privacidade<\/h4>\n\n<p>Reserv\u00e1monos o dereito de actualizar esta pol\u00edtica de privacidade en calquera momento. Calquera modificaci\u00f3n publicarase na nosa web e, se \u00e9 o caso, avisar\u00e9mosche por correo electr\u00f3nico ou calquera outro medio de comunicaci\u00f3n habitual.<\/p>\n\n<h4 class=\"wp-block-heading\">Contacto<\/h4>\n\n<p>Se tes algunha d\u00fabida sobre esta pol\u00edtica de privacidade ou sobre como procesamos os teus datos persoais, non dubides en contactar connosco:<\/p>\n\n<p>Ana Mar\u00eda L\u00f3pez Vila Enderezo: R\u00faa da Liberdade, 100 1\u00ba Izq., 27600 Sarria, Lugo Tel\u00e9fonos: 982 530 420 \/ 696 928 969 Correo electr\u00f3nico: <a>procuradora@anamarialopezvila.com<\/a><\/p>\n\n<p>Data da \u00faltima actualizaci\u00f3n: 07\/02\/2024<\/p>\n","protected":false},"excerpt":{"rendered":"<p>Introduci\u00f3n Na oficina de Ana Mar\u00eda L\u00f3pez Vila, comprom\u00e9monos a protexer a s\u00faa privacidade e garantir a seguridade dos seus datos persoais. Esta pol\u00edtica de privacidade describe como recompilamos, usamos e protexemos a s\u00faa informaci\u00f3n persoal de acordo coa normativa europea de protecci\u00f3n de datos, en particular o Regulamento Xeral de Protecci\u00f3n de Datos (GDPR). [&hellip;]<\/p>\n","protected":false},"author":1,"featured_media":0,"parent":0,"menu_order":0,"comment_status":"closed","ping_status":"closed","template":"","meta":{"_acf_changed":false,"_joinchat":[],"footnotes":""},"class_list":["post-6244","page","type-page","status-publish","hentry"],"acf":[],"_links":{"self":[{"href":"https:\/\/procuradorasarria.com\/gl\/wp-json\/wp\/v2\/pages\/6244","targetHints":{"allow":["GET"]}}],"collection":[{"href":"https:\/\/procuradorasarria.com\/gl\/wp-json\/wp\/v2\/pages"}],"about":[{"href":"https:\/\/procuradorasarria.com\/gl\/wp-json\/wp\/v2\/types\/page"}],"author":[{"embeddable":true,"href":"https:\/\/procuradorasarria.com\/gl\/wp-json\/wp\/v2\/users\/1"}],"replies":[{"embeddable":true,"href":"https:\/\/procuradorasarria.com\/gl\/wp-json\/wp\/v2\/comments?post=6244"}],"version-history":[{"count":1,"href":"https:\/\/procuradorasarria.com\/gl\/wp-json\/wp\/v2\/pages\/6244\/revisions"}],"predecessor-version":[{"id":6246,"href":"https:\/\/procuradorasarria.com\/gl\/wp-json\/wp\/v2\/pages\/6244\/revisions\/6246"}],"wp:attachment":[{"href":"https:\/\/procuradorasarria.com\/gl\/wp-json\/wp\/v2\/media?parent=6244"}],"curies":[{"name":"wp","href":"https:\/\/api.w.org\/{rel}","templated":true}]}}

Política de Privacidade

<p></p>

<p></p>

<h4 class="wp-block-heading">Introdución</h4>

<p>Na oficina de Ana María López Vila, compromémonos a protexer a súa privacidade e garantir a seguridade dos seus datos persoais. Esta política de privacidade describe como recompilamos, usamos e protexemos a súa información persoal de acordo coa normativa europea de protección de datos, en particular o Regulamento Xeral de Protección de Datos (GDPR).</p>

<h4 class="wp-block-heading">Controlador de datos</h4>

<p><strong>Responsable do Tratamento:</strong> Ana María López Vila Enderezo: Rúa da Liberdade, 100 1º Izq., 27600 Sarria, Lugo Teléfonos: 982 530 420 / 696 928 969 Correo electrónico: <a>procuradora@anamarialopezvila.com</a></p>

<h4 class="wp-block-heading">Datos persoais que recompilamos</h4>

<p>Recopilamos e procesamos diferentes tipos de datos persoais dependendo da súa interacción connosco:</p>

<ol class="wp-block-list">
<li><strong>Datos de contacto</strong> : nome completo, enderezo de correo electrónico, número de teléfono, enderezo postal.</li>



<li><strong>Datos identificativos</strong> : DNI/NIF ou calquera outro documento identificativo necesario.</li>



<li><strong>Datos profesionais</strong> : información relacionada coa súa profesión, empresa ou entidade na que traballa.</li>



<li><strong>Datos de transacción</strong> : información sobre os servizos contratados e o seu historial de transaccións.</li>



<li><strong>Datos de navegación</strong> : información recollida a través de cookies e tecnoloxías similares cando navega polo noso sitio web.</li>
</ol>

<h4 class="wp-block-heading">Finalidades do tratamento</h4>

<p>Tratamos os seus datos persoais para os seguintes fins:</p>

<ol class="wp-block-list">
<li><strong>Prestación de Servizos</strong> : Xestionar a relación contractual e prestar os servizos de avogado solicitado.</li>



<li><strong>Comunicación</strong> : para mantelo informado sobre asuntos relacionados coa súa relación connosco, incluíndo responder ás súas consultas e xestionar as súas solicitudes.</li>



<li><strong>Cumprimento legal</strong> : para cumprir coas nosas obrigas legais e regulamentarias.</li>



<li><strong>Marketing e comunicacións</strong> : Co teu consentimento, para enviarche información sobre os nosos servizos, promocións e eventos.</li>
</ol>

<h4 class="wp-block-heading">Base legal do tratamento</h4>

<p>O tratamento dos seus datos persoais baséase nas seguintes bases legais:</p>

<ol class="wp-block-list">
<li><strong>Execución dun Contrato</strong> : Cando o tratamento sexa necesario para a execución dun contrato do que sexa parte ou para a aplicación de medidas precontractuais.</li>



<li><strong>Cumprimento dunha obriga legal</strong> : Cando o tratamento sexa necesario para cumprir cunha obriga legal á que estamos suxeitos.</li>



<li><strong>Interese Lexítimo</strong> : Cando o tratamento sexa necesario para os intereses lexítimos perseguidos por nós ou por un terceiro, sempre que os seus dereitos e liberdades fundamentais non prevalezan sobre ditos intereses.</li>



<li><strong>Consentimento</strong> : Cando deu o seu consentimento para o tratamento dos seus datos persoais para un ou varios fins específicos.</li>
</ol>

<h4 class="wp-block-heading">Compartición de datos</h4>

<p>Os teus datos persoais pódense compartir con:</p>

<ol class="wp-block-list">
<li><strong>Provedores de servizos</strong> : Terceiros que nos prestan servizos auxiliares necesarios para a execución das nosas actividades (por exemplo, servizos informáticos, asesoramento xurídico).</li>



<li><strong>Autoridades e Organizacións Públicas</strong> : Cando sexa necesario para cumprir coas nosas obrigas legais.</li>



<li><strong>Terceiros relacionados co servizo</strong> : no contexto dos servizos prestados, podemos compartir datos con tribunais, avogados e outros profesionais xurídicos.</li>
</ol>

<h4 class="wp-block-heading">Transferencias internacionais de datos</h4>

<p>En principio, non transferimos os teus datos persoais a países fóra do Espazo Económico Europeo (EEE). Cando sexa necesario, garantiremos que os seus datos persoais teñan un nivel de protección adecuado mediante o uso de cláusulas contractuais tipo aprobadas pola Comisión Europea ou calquera outro mecanismo legalmente recoñecido.</p>

<h4 class="wp-block-heading">Retención de datos</h4>

<p>Os seus datos persoais conservaranse durante o tempo necesario para cumprir cos fins para os que foron recollidos, así como para cumprir coas nosas obrigas legais, atender posibles responsabilidades derivadas do tratamento e mentres non solicite a súa supresión.</p>

<h4 class="wp-block-heading">Dereitos do Interesado</h4>

<p>Tes dereito a:</p>

<ol class="wp-block-list">
<li><strong>Acceso</strong> : Solicita acceso aos teus datos persoais.</li>



<li><strong>Rectificación</strong> : Solicitar a corrección de datos inexactos ou incompletos.</li>



<li><strong>Eliminación</strong> : Solicitar a eliminación dos seus datos persoais cando xa non sexan necesarios para os fins para os que foron recollidos.</li>



<li><strong>Limitación do tratamento</strong> : Solicitar a limitación do tratamento dos seus datos persoais.</li>



<li><strong>Portabilidade</strong> : Solicita a portabilidade dos teus datos persoais a outro responsable do tratamento.</li>



<li><strong>Oposición</strong> : opoñerse ao tratamento dos seus datos persoais en determinadas circunstancias.</li>



<li><strong>Retirada do consentimento</strong> : Retirar o consentimento en calquera momento, sen que afecte á legalidade do tratamento baseado no consentimento previo á súa retirada.</li>
</ol>

<p>Para exercer estes dereitos, pode poñerse en contacto connosco utilizando os datos de contacto indicados anteriormente.</p>

<h4 class="wp-block-heading">Seguridade de datos</h4>

<p>Implementamos medidas técnicas e organizativas adecuadas para protexer os seus datos persoais contra o acceso non autorizado, a divulgación, a perda ou destrución accidental ou ilegal e calquera outra forma de procesamento ilegal.</p>

<h4 class="wp-block-heading">Cambios na Política de Privacidade</h4>

<p>Reservámonos o dereito de actualizar esta política de privacidade en calquera momento. Calquera modificación publicarase na nosa web e, se é o caso, avisarémosche por correo electrónico ou calquera outro medio de comunicación habitual.</p>

<h4 class="wp-block-heading">Contacto</h4>

<p>Se tes algunha dúbida sobre esta política de privacidade ou sobre como procesamos os teus datos persoais, non dubides en contactar connosco:</p>

<p>Ana María López Vila Enderezo: Rúa da Liberdade, 100 1º Izq., 27600 Sarria, Lugo Teléfonos: 982 530 420 / 696 928 969 Correo electrónico: <a>procuradora@anamarialopezvila.com</a></p>

<p>Data da última actualización: 07/02/2024</p>

<p>Introdución Na oficina de Ana María López Vila, compromémonos a protexer a súa privacidade e garantir a seguridade dos seus datos persoais. Esta política de privacidade describe como recompilamos, usamos e protexemos a súa información persoal de acordo coa normativa europea de protección de datos, en particular o Regulamento Xeral de Protección de Datos (GDPR). [&hellip;]</p>
